 the units digit of -8*(3 + (-7)/2)?
4
Let k(o) = 3*o**3 - 3*o**2 - 4*o - 7. Let y be k(5). Suppose -y = -5*l - z, 5*l + 4*z = -0*l + 282. What is the tens digit of l?
5
Let h(r) = -4*r + 42. What is the units digit of h(10)?
2
Suppose -17*a = -0*a - 1394. What is the units digit of a?
2
Suppose 3*s = -4*a + 2*s + 5, -3*a + s = -9. Let y be 19 - (a - 3/3). Suppose -y = -4*g + 6. What is the units digit of g?
6
Suppose 8*i = 718 + 210. What is the tens digit of i?
1
Let n = -136 - -154. What is the units digit of n?
8
Let q(j) = j**2 + 11*j - 6. Let c(h) = h**2 + 14*h. Let r be c(-13). What is the units digit of q(r)?
0
Suppose -i - 4*i = -10. Let z = 1 + 3. Suppose i*y = z*y - 20. What is the units digit of y?
0
Let l be 15/(-4) + (-2)/8. Let t(w) = 7*w - 5. Let b(f) = f. Let d(j) = 3*b(j) - t(j). What is the tens digit of d(l)?
2
Let f be 9/5*(-60)/(-18). What is the units digit of 26/4 - (-9)/f?
8
Let p = -35 - -83. What is the units digit of p?
8
Let v = 5 + 13. What is the units digit of v?
8
Suppose 3*i + k - 45 = -k, 5*i - 75 = 3*k. What is the units digit of i?
5
Suppose -10*a - 88 = -8*a. Let y = a - -77. What is the units digit of y?
3
Let d(a) = a**2 + 11*a + 4. Let g be d(-10). Let l(z) = z + 7. Let s(p) = -3. Let i(b) = -2*l(b) - 5*s(b). What is the units digit of i(g)?
3
Let i(u) = 7*u + 6. Let l(z) = -13*z - 12. Let h(d) = 7*i(d) + 4*l(d). Let w be 62/(-14) - 12/(-28). What is the units digit of h(w)?
6
Let l = 82 + -55. Let u = l + -10. What is the units digit of u?
7
Suppose 0 = -3*t + 5*u + 5, -7*t + 2*t + u = -1. Suppose t*g + 2*g = -2. What is the units digit of (-1 + 17)/2 + g?
7
Suppose -12 - 61 = -3*a + v, -3*a + 3*v = -75. Suppose -a = -0*z - z. Suppose -l + z = 3*l. What is the units digit of l?
6
Let t be 62/7 + (-2)/(-14). What is the units digit of ((-2)/2)/((-3)/t)?
3
Suppose 3*z - 2*z = 2. Suppose -z*b + 27 = b + 3*x, -3*x = -b - 11. Suppose -g + 1 = m, b*m - 4*g - 18 = 2. What is the units digit of m?
3
Let v(t) = t - 8. Let l(x) = x - 7. Let o(c) = -4*l(c) + 3*v(c). What is the units digit of o(-8)?
2
Suppose 2*v = 3*n - v - 27, -n + 6 = -4*v. What is the tens digit of n?
1
Suppose 0 = -2*f + 20 + 20. What is the units digit of f?
0
Let m = -4 + 6. Suppose -2*r = 2*x - m, 5*r + 25 = x - 0*x. What is the units digit of x?
5
Let i(z) = z**3 - 6*z**2 - 8*z + 17. What is the units digit of i(7)?
0
Let n(r) = -11*r**2 - 6*r + r - r**3 + 11 - 6*r. What is the tens digit of n(-10)?
2
Let g = -20 - -20. Suppose n + 8 = -g*l + 2*l, l = 4*n - 10. What is the units digit of l?
6
Let p = 112 - 5. What is the tens digit of p?
0
Let j be 4/6 - 580/(-30). Let c = -9 + j. What is the tens digit of c?
1
Suppose c + 13 - 48 = 0. Suppose c = 2*f + 3*f. What is the units digit of f?
7
Suppose 4*z - 79 = -4*l - l, -65 = -3*z + 2*l. What is the tens digit of z?
2
Let c be (1 + 1 + -1)*40. Let a = -25 + c. What is the units digit of a?
5
Suppose 0 = 3*q - 41 - 259. Suppose -2*o - 3*o = -q. What is the tens digit of o?
2
Let z(o) = -o + 7. Let d be z(5). Let u be (-1)/(3 - d)*-20. Let h = -13 + u. What is the units digit of h?
7
Let k = 71 + -45. What is the tens digit of k?
2
Let b = -11 - -11. Let i = b - -4. What is the units digit of i?
4
Suppose 0 = -7*u + 12*u - 60. What is the tens digit of u?
1
Let q be -4 + 2 + 7 + -1. Let n(p) = -2*p - 2. Let t be n(-8). Suppose -q*r + 26 = -t. What is the units digit of r?
0
Let v(g) = 2*g - 3. Let l be v(4). Suppose 3*s + 22 = l*s. What is the units digit of s?
1
Suppose -y - 5 = 0, 0 = 5*m + 5*y - 860 + 85. What is the units digit of m?
0
Let b(h) = h**2 - 3*h + 2. Let x be b(3). Let w = 2 - x. Suppose w = -4*f + f + 12. What is the units digit of f?
4
Suppose f + 502 = 5*c, 4*c - 661 + 248 = -3*f. What is the tens digit of c?
0
Suppose -3*h - 2*u + 44 = -53, 2*h = -2*u + 68. Let b = 49 - h. What is the units digit of b?
0
Let f(a) = -4*a**2 + a - 19. Let b(j) = -j + 5 + j**2 + 8 + 2*j**2 + 0. Let w(h) = 7*b(h) + 5*f(h). What is the units digit of w(4)?
4
Let w(v) = v**2 - 9*v + 10. Let i be w(8). Suppose -h + 2*p = -6, 0 = 4*h - 2*p - 8 - 10. Let u = h + i. What is the units digit of u?
6
Let y(h) = -h**3 - 4*h**2 + 9*h + 7. What is the tens digit of y(-6)?
2
Let z = -10 + 22. Let c = z - -7. What is the units digit of c?
9
Let p(d) be the first derivative of -1 + 1/4*d**4 + 0*d**2 + 4*d - 1/3*d**3. What is the units digit of p(0)?
4
Let z(k) be the second derivative of -k**3 + 2*k. Let j be z(2). What is the units digit of j/(-6) - 1/(-1)?
3
Let z = -12 - -2. What is the units digit of 12/20 + (-134)/z?
4
Let j(p) = 2*p + 4. Let z be j(-3). Let k = 2 + -3. Let s = k - z. What is the units digit of s?
1
Suppose -3*c - i - 2*i = 39, 0 = 3*c - 2*i + 14. Let o be ((-2)/c - -1)*4. Suppose 0*l = -o*l + 35. What is the units digit of l?
7
Suppose 9 = 2*w + v, -4*w - v + 30 = -3*v. Let x be 8/w*3/2. What is the units digit of x/1 - (-2 - -1)?
3
Let w(m) = -4*m**3 + 7*m**3 - 2*m**3 + 3*m - 5*m**2 + 2. Let r be w(3). Let a = 14 + r. What is the units digit of a?
7
Let f(n) = -44*n + 2. What is the units digit of f(-8)?
4
Let x(d) = 3*d**2 + d - 1 - d**2 + 0*d - 4*d. What is the units digit of x(3)?
8
Let k(j) = j**3 - 2*j - 2. Let p be k(-2). Let w be (1 - 5) + 2 + -2. Let y = w - p. What is the units digit of y?
2
Let g(q) = -q + 10. Let l be g(7). Suppose -l*t + 6 = 3*s, 4*t = 3*s + 3*t + 10. What is the units digit of (-51)/(-15) + s/5?
3
Suppose 68 = 3*h - 2*h. What is the units digit of h?
8
Suppose 3*f = u + 3 + 3, 3*u - 5*f + 2 = 0. Suppose -36 = 3*l - 3*k, -5*l - 4*k + u*k - 45 = 0. Let i = 13 + l. What is the units digit of i?
6
Suppose 0 = -0*k + 2*k - 6. Suppose 2*z = -z + k. What is the units digit of (6/(-6))/((-1)/z)?
1
Let k(x) = -x - 4. Let j be k(-8). What is the units digit of j/(-3)*(-5 - 1)?
8
What is the tens digit of (-6)/(-15) + (-376)/(-60)*6?
3
Let i(r) = 2*r**2 - 3*r + 2. Let p be i(2). Suppose 5 = -p*f - f. Let j = 2 + f. What is the units digit of j?
1
Let q(o) = 2*o**2 + 3. Let l be q(-3). Suppose -4*n - l = -n. What is the tens digit of (-121)/(-7) - (-2)/n?
1
Let b be (6 + 0)*1/2. Let o be b/9 + 10/6. What is the units digit of 1 + o - (1 + 1)?
1
Let c(f) be the second derivative of -8*f**3/3 + f**2/2 + 6*f. What is the tens digit of c(-2)?
3
Let y(z) = z**2 + 2. Let o be y(0). Suppose 2*k + 0*d = 3*d + 51, 5*d - 11 = -o*k. What is the tens digit of k?
1
Suppose 0 = 22*u - 27*u + 1655. What is the tens digit of u?
3
Suppose 2*a + 2*a + 60 = 0. Let j = 25 + a. What is the units digit of j?
0
Let p = 25 + -18. Suppose 5*y = 2*q + 26 - p, -3*y - 3*q + 24 = 0. Suppose -16 = a + 5*i, -12 = -y*a - 3*i - 4. What is the units digit of a?
4
Suppose 2*z + 25 = 7. What is the tens digit of ((-88)/(-3))/((-6)/z)?
4
Suppose -b + 155 = 4*b. What is the tens digit of b?
3
Suppose 0 = 5*f - 2*f - 99. What is the units digit of (f - -2) + -2 + 0?
3
Let d(g) = g**3 - 12*g**2 - 5. Let t be d(12). Let r = 0 - t. What is the units digit of r?
5
Let h = 115 + -72. What is the units digit of h?
3
Let t(i) = -i**2 - 8*i - 4. Let v be t(-7). Let y(a) = 4*a - 3*a**2 - 3 + 4 + 2*a**2. What is the units digit of y(v)?
4
Let r(s) = 3*s**2 + s. Let f be r(-1). Suppose -3*x - 5 = -f*l - 18, 0 = 4*x - 5*l - 8. Suppose -4*v - x = -31. What is the units digit of v?
6
Let a = -10 + 8. What is the units digit of ((-16)/(-6))/(a/(-3))?
4
Let d(c) = -4*c**2 + 5*c + 6*c**2 - c**3 + 3*c**2 + 7. Let a be d(6). Let x = 0 + a. What is the units digit of x?
1
Suppose 5*a - 151 = -q, -3*q = -4*q - 4. What is the units digit of a?
1
Let u be (-2)/10 - (-234)/(-30). What is the units digit of u/5*75/(-6)?
0
Let g = -8 - -7. Let x be (-1)/(((-1)/(-8))/g). Let m = 13 - x. What is the units digit of m?
5
Let j be 8/(-6)*(-81)/6. Let c(o) = -o - 5. Let b be c(5). Let u = j + b. What is the units digit of u?
8
Let z(k) = -k**3 - 8*k**2 - 9*k - 8. Let t be z(-7). Let r = -3 + t. What is the units digit of r?
3
Let d(l) = 2*l - 5. Let j be d(5). Suppose 0 = 2*v + 4*w - 18, j*v + 3*w - 80 = -0*v. What is the tens digit of v?
1
Let g = 301 + -179. What is the units digit of g?
2
Let i(d) = 94*d - 12. What is the tens digit of i(4)?
6
What is the tens digit of (153/(-2))/(9/(-2) - -4)?
5
Suppose 2*l = 5*l + 9. Let j(p)